{"id":27,"date":"2015-12-13T18:14:56","date_gmt":"2015-12-13T17:14:56","guid":{"rendered":"http:\/\/www.liemehna.de\/wordpress\/?page_id=27"},"modified":"2024-06-25T18:51:07","modified_gmt":"2024-06-25T16:51:07","slug":"ffw-liemehna-ochelmitz","status":"publish","type":"page","link":"http:\/\/www.liemehna.de\/wordpress\/vereine\/ffw-liemehna-ochelmitz\/","title":{"rendered":"FF Liemehna"},"content":{"rendered":"<h1><strong>Organisation\/F\u00fchrung<\/strong><\/h1>\n<table>\n<tbody>\n<tr>\n<td width=\"25%\">\n<div>Wehrleiter:<\/div>\n<div>Jens Eidner<\/div>\n<\/td>\n<td width=\"25%\">Stellvertreter:<br \/>\nJ\u00f6rg W\u00e4chter<\/td>\n<\/tr>\n<\/tbody>\n<\/table>\n<h1><strong>Wissenswertes<\/strong><\/h1>\n<p>F\u00fcr alle\u00a0 Mitb\u00fcrger der Ortschaften Liemehna, Ochelmitz und Gallen zur Information: Die FF Liemehna sucht interessierte B\u00fcrger, ab 16 Jahren, f\u00fcr die aktive Mitarbeit in der Freiwilligen Feuerwehr. Bei Interesse kontaktieren Sie bitte den Wehrleiter.<\/p>\n","protected":false},"excerpt":{"rendered":"<p>Organisation\/F\u00fchrung Wehrleiter: Jens Eidner Stellvertreter: J\u00f6rg W\u00e4chter Wissenswertes F\u00fcr alle\u00a0 Mitb\u00fcrger der Ortschaften Liemehna, Ochelmitz und Gallen zur Information: Die FF Liemehna sucht interessierte B\u00fcrger, ab 16 Jahren, f\u00fcr die aktive Mitarbeit in der Freiwilligen Feuerwehr. Bei Interesse kontaktieren Sie<\/p>\n","protected":false},"author":1,"featured_media":0,"parent":23,"menu_order":0,"comment_status":"closed","ping_status":"closed","template":"","meta":{"_mc_calendar":[],"footnotes":""},"class_list":["post-27","page","type-page","status-publish","hentry"],"_links":{"self":[{"href":"http:\/\/www.liemehna.de\/wordpress\/wp-json\/wp\/v2\/pages\/27"}],"collection":[{"href":"http:\/\/www.liemehna.de\/wordpress\/wp-json\/wp\/v2\/pages"}],"about":[{"href":"http:\/\/www.liemehna.de\/wordpress\/wp-json\/wp\/v2\/types\/page"}],"author":[{"embeddable":true,"href":"http:\/\/www.liemehna.de\/wordpress\/wp-json\/wp\/v2\/users\/1"}],"replies":[{"embeddable":true,"href":"http:\/\/www.liemehna.de\/wordpress\/wp-json\/wp\/v2\/comments?post=27"}],"version-history":[{"count":7,"href":"http:\/\/www.liemehna.de\/wordpress\/wp-json\/wp\/v2\/pages\/27\/revisions"}],"predecessor-version":[{"id":1392,"href":"http:\/\/www.liemehna.de\/wordpress\/wp-json\/wp\/v2\/pages\/27\/revisions\/1392"}],"up":[{"embeddable":true,"href":"http:\/\/www.liemehna.de\/wordpress\/wp-json\/wp\/v2\/pages\/23"}],"wp:attachment":[{"href":"http:\/\/www.liemehna.de\/wordpress\/wp-json\/wp\/v2\/media?parent=27"}],"curies":[{"name":"wp","href":"https:\/\/api.w.org\/{rel}","templated":true}]}}